se 0*v + 5 = 5*v. Let y be (-157 - v)*(5 + -6). Let h = 367 - y. Calculate the highest common factor of h and 19.
19
Let p = 15 + 37. Let i(w) = -30*w**2 + 1142*w - 37. Let h be i(38). Calculate the highest common divisor of h and p.
13
Let o(a) = -29*a**3 - 2*a**2 - a. Let p be o(-1). Suppose 9*r - 36 = 90. Calculate the highest common factor of r and p.
14
Let n be ((-8)/(-6))/((-897)/180 - -5). Let d = n - 47. What is the greatest common factor of 22 and d?
11
Let t(k) = 83*k - 239. Let a be t(3). Calculate the greatest common factor of a and 10.
10
Suppose 150 = 62*c - 57*c. What is the highest common divisor of 66 and c?
6
Suppose 24*k = -27*k + 98736. Calculate the highest common factor of k and 16.
16
Suppose 4*a - 7 = 3*a. Let k(v) = -v**3 + v - 2*v - 8 - v - v + a*v**2. Let y be k(6). Calculate the greatest common factor of y and 2.
2
Let i = -12 - -14. Let k be (i/(-4))/(2/52). Let s = k - -21. What is the greatest common divisor of 4 and s?
4
Suppose 0 = -5*i + 142 - 102. What is the greatest common factor of 100 and i?
4
Suppose -2*j - 2*i = -118, -3*i = -4*j - 0*i + 222. Calculate the greatest common divisor of 19 and j.
19
Let r(k) = -2*k + 17. Suppose -9*z - 10 = -11*z. Let m be r(z). What is the highest common divisor of m and 49?
7
Let a be -27*(2 - (-20)/(-3)). Let d = 231 - a. Suppose 0 = -5*s + 25 + d. What is the highest common divisor of 78 and s?
26
Suppose 3*d = -2*d + 180. Let b = 452 - 440. Calculate the greatest common divisor of d and b.
12
Suppose 7*k + 4*k - 1518 = 0. What is the highest common factor of k and 69?
69
Suppose -2*a - 38 = -4*f, -2*f + 0*f + 10 = 2*a. Let z = -480 - -568. Calculate the highest common factor of f and z.
8
Let z = -31 + 35. Suppose z*f - 35 = -f. What is the greatest common factor of 63 and f?
7
Let o = 14 - 5. Let q = 17 - o. Calculate the highest common divisor of 80 and q.
8
Suppose -7*x = -4*x - 72. Calculate the highest common divisor of 12 and x.
12
Let q = 985 + -655. Calculate the greatest common divisor of 198 and q.
66
Let t(q) = q - 10. Let v be t(3). Let f(j) = -j**2 - 9*j - 5. Let k be f(v). Calculate the highest common factor of k and 6.
3
Let d = 2 - 3. Let z be 3 - 6 - 14/d. Let k(j) = -58*j - 3. Let y be k(-1). What is the greatest common divisor of y and z?
11
Let y be 11/((-70)/25 - -3). Suppose -4*n - 5*k = n - y, -4*n - 5*k = -40. Suppose 5*a = 15 + n. Calculate the highest common factor of 30 and a.
6
Suppose 0*s = 11*s. Suppose -6*z + 95 - 65 = s. What is the highest common divisor of z and 1?
1
Let m(u) = u**2 - u - 14. Let j be m(6). Suppose 23*t - j*t = 28. Calculate the greatest common factor of t and 4.
4
Let t(k) = -4*k**3 + k**2 + 24*k + 93. Let b be t(-3). What is the highest common divisor of b and 3726?
138
Suppose -465 = -9*f + 111. What is the greatest common divisor of 4 and f?
4
Suppose -682*h + 678*h + 140 = 0. What is the highest common divisor of h and 10?
5
Suppose 10*c = -61 + 151. What is the greatest common factor of 207 and c?
9
Let z(q) = 5*q + 166. Let l be z(-32). Let f be (-2)/(-3) - 140/(-6). What is the highest common factor of f and l?
6
Let q(u) = 161*u**2 + 2*u - 2. Let z be q(1). Let c be (-81)/(9/3)*-3. Let f = z - c. What is the highest common divisor of 32 and f?
16
Suppose 6*f = 2*f + 224. Let q be 8*7/56*14. What is the highest common divisor of q and f?
14
Let v be ((-13)/2)/((-1)/2). Suppose 2*y - v = -4*r - 277, -5*y = 3*r + 653. Let o be (-13 + 1)*y/15. Calculate the greatest common divisor of o and 13.
13
Let k = -1 - 5. Let b be -9*((-1)/(12/52) + 4). Let c = b - k. What is the greatest common divisor of c and 72?
9
Suppose 2*d - 2*g - 8 = d, 3*g = -4*d + 10. Suppose -5*p = d*j - 65, 0 = -4*p - 2*j + 3*j + 52. What is the highest common factor of 65 and p?
13
Suppose 3*j - 3 = -3*l + 3, -2*j - 24 = -2*l. Suppose l*r - 140 = 2*r. What is the highest common divisor of r and 196?
28
Let t be (-315)/(-65) - (7 - (-372)/(-52)). Calculate the greatest common factor of t and 45.
5
Suppose 4*h + 3*f - 12 = 0, 5*h - 4*h = 5*f + 3. Suppose -h*y + 5*y = 0. Let v = y + 4. Calculate the highest common factor of v and 20.
4
Let k(p) = 4*p**2 + p - 5. Let s be k(4). Let j = s + -97. Let o = -16 - j. What is the highest common divisor of 54 and o?
18
Suppose -5 - 34 = -3*l. Suppose -5*g + 556 - 101 = 0. What is the highest common divisor of l and g?
13
Let j = -177 - -89. Let z = 175 + j. What is the highest common divisor of 58 and z?
29
Let g = -94 + 118. What is the greatest common divisor of g and 12?
12
Let a(h) = -5*h - 6. Let f be a(-8). Let l = -30 + 30. Suppose -6*x + l*x = -2244. What is the greatest common divisor of x and f?
34
Suppose 0 = 9*n - 171 - 441. Calculate the greatest common divisor of 20 and n.
4
Let f(w) = -w**3 - 2*w**2 - 2*w - 1. Let y = 15 + -17. Let q be f(y). Suppose 3 = z, 0*z = -3*b + q*z + 27. What is the greatest common divisor of 60 and b?
12
Let w = 31 + -16. Let r = w + 9. Calculate the highest common divisor of 6 and r.
6
Let s = 17 + 7. Suppose -5*m = -9*m + s. What is the greatest common divisor of 48 and m?
6
Suppose -714 = -9*z + 105. What is the highest common divisor of z and 65?
13
Let z(c) = 2*c**3 - 3*c**2 + 5*c. Let x be z(2). Let u be (-1)/(-7) - (-54)/x. Suppose 36 = -0*t + 3*t. Calculate the highest common factor of u and t.
4
Suppose 0 = -12*f + 2*f + 3370. Let d = f - 172. Calculate the greatest common divisor of 66 and d.
33
Let n be 12/(5*(-4)/(-240)). Let i = -9 - -25. What is the greatest common divisor of n and i?
16
Let t be (-2)/4*10*8. Let w be (7/4)/((-2)/t). Let x be 2*(-23 + 2)/(-3). What is the highest common divisor of w and x?
7
Suppose -20*p = 48 - 208. Let w(y) = -y**3 - 4*y**2 - y + 4. Let i be w(-4). Calculate the highest common divisor of i and p.
8
Let y be ((-6)/10)/((2 + 3)/(-625)). Calculate the greatest common factor of 255 and y.
15
Let p(l) = 34*l**2 + 7*l + 14. Let d be p(-2). Calculate the highest common divisor of 102 and d.
34
Let a be 6/1 - 37/(333/(-3537)). What is the highest common divisor of a and 105?
21
Let u be 2/(2/1) - -37. Let o be (-1)/(-4) + u/8. What is the greatest common factor of o and 35?
5
Let w be (-1)/(-4) - 81/(-12). Let n = 11 + -14. Let j be 1/n - (-129)/9. Calculate the greatest common factor of j and w.
7
Let y = 76 + -82. Let f be (-45)/((-13)/(-4) + 2 + y). What is the highest common divisor of 12 and f?
12
Let d = -498 + 509. Let k(p) = 4*p - 5. Let w(m) = -5*m + 6. Let b(j) = -6*k(j) - 5*w(j). Let o be b(1). What is the greatest common factor of o and d?
1
Suppose 0 = -24*q + 4447 - 31. Calculate the greatest common divisor of 16 and q.
8
Let i(s) = s**3 + 12*s**2 - 25*s - 79. Let x be i(-13). Let y = 2 - -5. What is the highest common factor of y and x?
7
Suppose 0 = -0*s - 8*s + 24. Suppose -2*m = -7 + 1, s*i - 33 = -2*m. What is the highest common divisor of i and 9?
9
Suppose 0 = 3*k - 16*k + 468. What is the greatest common divisor of k and 27?
9
Suppose -l = 2*f - 19, f + l - 2*l - 11 = 0. Let a be ((-4)/(-8))/(1/2). Calculate the greatest common factor of a and f.
1
Let q = -39 - -114. Let m = 5 + q. Calculate the highest common factor of m and 200.
40
Suppose 4*b + 6*l = 3*l + 739, 5*l - 5 = 0. What is the greatest common factor of 1012 and b?
92
Let k = -1072 + 1085. Let x be 2 + -2*11/(-2). Calculate the highest common divisor of k and x.
13
Let c = -97 - -100. Let p(d) = 9*d**2 + d + 1. Let x be p(2). What is the greatest common divisor of c and x?
3
Let m(l) = -11*l**2 + 2*l - 6 + 0*l - 5*l - 12 - l**3. Let z be m(-11). What is the greatest common factor of z and 120?
15
Suppose 9 + 27 = 4*m. Let d be (-8)/24 - 79/(-3). Suppose 2*j - d = 4*o, -5*j - 5*o = -0*o - 35. Calculate the highest common divisor of j and m.
9
Let c be 500/12 - (-1)/6*2. Let u be (-2)/5 + 204/10. Let x = u - 6. Calculate the highest common divisor of x and c.
14
Let n be 2/2*51/3. Let y(p) = -p**2 - 6*p + 177. Let r be y(10). Calculate the greatest common divisor of n and r.
17
Let r be (2 + 32)*(-1)/(-2). What is the highest common factor of r and 1088?
17
Let v be ((2 - 5/(-5)) + -2)*240. Calculate the greatest common factor of 96 and v.
48
Let b = -314 + 338. Calculate the greatest common factor of 1464 and b.
24
Suppose -13*n + 11 =